{"id":5664,"date":"2018-05-24T08:21:44","date_gmt":"2018-05-24T08:21:44","guid":{"rendered":"http:\/\/aceitecsb.com\/comprar\/unkategorisiert\/aloe-vera-und-glycerin-seife-castillo-de-penalver-125-g\/"},"modified":"2026-08-03T22:39:35","modified_gmt":"2026-08-03T22:39:35","slug":"aloe-vera-und-glycerin-seife-castillo-de-penalver-125-g","status":"publish","type":"product","link":"https:\/\/csb.demongrafix.es\/de\/einkaufen\/aloe-vera-und-glycerin-seife-castillo-de-penalver-125-g\/","title":{"rendered":"Aloe Vera und Glycerin Seife Castillo de Pe\u00f1alver 125 g"},"content":{"rendered":"<p>Aloe Vera und Glycerinseife<\/p>\n<h3>1. Eigenschaften der Aloe-Vera- und Glycerin-Seife<\/h3>\n<p>Aloe Vera und Glyzerinseife in Plastikh\u00fclle<\/p>\n<p>Gr\u00f6\u00dfe: 125 g<\/p>\n<p>Textur: fest<\/p>\n<p>Marke: Castillo de Pe\u00f1alver<\/p>\n<p>Genre: Unisex<\/p>\n<p>Hauttyp: Alle Hauttypen<\/p>\n<h4>a) Empfehlungen<\/h4>\n<p>Verwenden Sie, um H\u00e4nde und Gesicht zu waschen. Es hinterl\u00e4sst Ihre Haut sauber, weich und mit einem sehr entspannenden Aroma.<\/p>\n<h4>b) Zutaten:<\/h4>\n<p>Cocos Nucifera, Aqua, Dipropylenglykol, Natriumhydroxid, Saccharose, Stearins\u00e4ure, Natriumchlorid, Glycerin, Laurins\u00e4ure, Parfum, Pentanatriumpentetat, Aloe Barbadensis, C. I. 19140<\/p>\n<p>Zutaten aktualisiert Juni 2018. Diese Inhaltsstoffe k\u00f6nnen sich seit der letzten Aktualisierung ge\u00e4ndert haben.<\/p>\n<h4 data-start=\"0\" data-end=\"33\">c) Handgefertigte Herstellung<\/h4>\n<p data-start=\"35\" data-end=\"300\">Jeder Seifenblock wird handwerklich von einem Familienunternehmen hergestellt, das jeden Schritt des Prozesses sorgf\u00e4ltig betreut. Von der Auswahl der Zutaten bis zur Endverpackung wird alles von Hand gefertigt \u2013 mit Hingabe und Respekt f\u00fcr traditionelle Techniken.<\/p>\n<h4 data-start=\"302\" data-end=\"319\">d) Anwendung:<\/h4>\n<p data-start=\"321\" data-end=\"339\"><strong data-start=\"321\" data-end=\"339\">F\u00fcr die H\u00e4nde:<\/strong><\/p>\n<p data-start=\"341\" data-end=\"550\">H\u00e4nde unter flie\u00dfendes Wasser halten. Die Seife mit festen Bewegungen zwischen den H\u00e4nden reiben, dabei besonders auf die Falten und Zwischenr\u00e4ume der Finger achten. Anschlie\u00dfend gr\u00fcndlich mit Wasser absp\u00fclen.<\/p>\n<h4 data-start=\"552\" data-end=\"572\">F\u00fcr das Gesicht:<\/h4>\n<p data-start=\"574\" data-end=\"767\">Das Gesicht gut mit Wasser anfeuchten. Die Seife sanft auf die Haut auftragen und in kreisenden Bewegungen einmassieren. Mit reichlich Wasser absp\u00fclen, bis das Produkt vollst\u00e4ndig entfernt ist.<\/p>\n<div class=\"flex flex-col text-sm pb-25\">\n<article class=\"text-token-text-primary w-full focus:outline-none [--shadow-height:45px] has-data-writing-block:pointer-events-none has-data-writing-block:-mt-(--shadow-height) has-data-writing-block:pt-(--shadow-height) [&amp;:has([data-writing-block])&gt;*]:pointer-events-auto scroll-mt-[calc(var(--header-height)+min(200px,max(70px,20svh)))]\" dir=\"auto\" tabindex=\"-1\" data-turn-id=\"request-WEB:ab38f917-a181-41c6-b29a-7c1453a6a6c5-11\" data-testid=\"conversation-turn-24\" data-scroll-anchor=\"true\" data-turn=\"assistant\">\n<div class=\"text-base my-auto mx-auto pb-10 [--thread-content-margin:--spacing(4)] @w-sm\/main:[--thread-content-margin:--spacing(6)] @w-lg\/main:[--thread-content-margin:--spacing(16)] px-(--thread-content-margin)\">\n<div class=\"[--thread-content-max-width:40rem] @w-lg\/main:[--thread-content-max-width:48rem] mx-auto max-w-(--thread-content-max-width) flex-1 group\/turn-messages focus-visible:outline-hidden relative flex w-full min-w-0 flex-col agent-turn\" tabindex=\"-1\">\n<div class=\"flex max-w-full flex-col grow\">\n<div class=\"min-h-8 text-message relative flex w-full flex-col items-end gap-2 text-start break-words whitespace-normal [.text-message+&amp;]:mt-1\" dir=\"auto\" data-message-author-role=\"assistant\" data-message-id=\"ce00d1bf-4233-4a83-8c73-6ca98f1e8a2f\" data-message-model-slug=\"gpt-5-mini\">\n<div class=\"flex w-full flex-col gap-1 empty:hidden first:pt-[1px]\">\n<div class=\"markdown prose dark:prose-invert w-full wrap-break-word light markdown-new-styling\">\n<h3 data-start=\"774\" data-end=\"802\">2. Weitere Informationen<\/h3>\n<p data-start=\"804\" data-end=\"851\">Weitere interessante Informationen zum Produkt:<\/p>\n<h4 data-start=\"853\" data-end=\"879\">a) Kostenloser Versand<\/h4>\n<p data-start=\"881\" data-end=\"966\">Auf dem spanischen Festland bieten wir kostenlosen Versand mit folgenden Bedingungen:<\/p>\n<ul data-start=\"968\" data-end=\"1135\">\n<li data-start=\"968\" data-end=\"1040\">\n<p data-start=\"970\" data-end=\"1040\">Ab 70 Euro wird die Bestellung direkt zu Ihnen nach Hause geliefert.<\/p>\n<\/li>\n<li data-start=\"1041\" data-end=\"1135\">\n<p data-start=\"1043\" data-end=\"1135\">Ab 30 Euro erfolgt die Lieferung an einen <strong data-start=\"1085\" data-end=\"1099\">Punto Pack<\/strong>-Abholpunkt (auch auf den Balearen).<\/p>\n<\/li>\n<\/ul>\n<p data-start=\"1137\" data-end=\"1188\">F\u00fcr andere Standorte fallen immer Versandkosten an.<\/p>\n<h4 data-start=\"1190\" data-end=\"1212\">b) Produktmerkmale<\/h4>\n<p data-start=\"1214\" data-end=\"1285\">Der Seifenblock ist in Plastik verpackt und hat folgende Eigenschaften:<\/p>\n<ul data-start=\"1287\" data-end=\"1404\" data-is-last-node=\"\" data-is-only-node=\"\">\n<li data-start=\"1287\" data-end=\"1313\">\n<p data-start=\"1289\" data-end=\"1313\"><strong data-start=\"1289\" data-end=\"1301\">Gewicht:<\/strong> 113 Gramm<\/p>\n<\/li>\n<li data-start=\"1314\" data-end=\"1343\">\n<p data-start=\"1316\" data-end=\"1343\"><strong data-start=\"1316\" data-end=\"1325\">H\u00f6he:<\/strong> 8,80 Zentimeter<\/p>\n<\/li>\n<li data-start=\"1344\" data-end=\"1375\">\n<p data-start=\"1346\" data-end=\"1375\"><strong data-start=\"1346\" data-end=\"1357\">Breite:<\/strong> 5,50 Zentimeter<\/p>\n<\/li>\n<li data-start=\"1376\" data-end=\"1404\" data-is-last-node=\"\">\n<p data-start=\"1378\" data-end=\"1404\" data-is-last-node=\"\"><strong data-start=\"1378\" data-end=\"1388\">Tiefe:<\/strong> 2,70 Zentimeter<\/p>\n<\/li>\n<\/ul>\n<\/div>\n<\/div>\n<\/div>\n<\/div>\n<\/div>\n<\/div>\n<\/article>\n<\/div>\n","protected":false},"excerpt":{"rendered":"<p>Feste Glyzerinseife mit Aloe Vera von Castillo de Pe\u00f1alver f\u00fcr H\u00e4nde und Gesicht. Handwerklich von einem Familienunternehmen mit ausgew\u00e4hlten Zutaten hergestellt, reinigt sie sanft und hinterl\u00e4sst die Haut sauber, geschmeidig und angenehm duftend. Eine nat\u00fcrliche Pflege f\u00fcr alle Hauttypen.<br \/>\nNettogewicht: 125 g.<\/p>\n","protected":false},"featured_media":4941,"comment_status":"open","ping_status":"closed","template":"","meta":{"_acf_changed":false},"origen":[],"variedad":[],"product_brand":[],"product_cat":[237,244],"product_tag":[],"class_list":["post-5664","product","type-product","status-publish","has-post-thumbnail","product_cat-naturkosmetik-produkte","product_cat-seife-und-gel","first","instock","taxable","shipping-taxable","purchasable","product-type-simple"],"acf":[],"_links":{"self":[{"href":"https:\/\/csb.demongrafix.es\/de\/wp-json\/wp\/v2\/product\/5664","targetHints":{"allow":["GET"]}}],"collection":[{"href":"https:\/\/csb.demongrafix.es\/de\/wp-json\/wp\/v2\/product"}],"about":[{"href":"https:\/\/csb.demongrafix.es\/de\/wp-json\/wp\/v2\/types\/product"}],"replies":[{"embeddable":true,"href":"https:\/\/csb.demongrafix.es\/de\/wp-json\/wp\/v2\/comments?post=5664"}],"wp:featuredmedia":[{"embeddable":true,"href":"https:\/\/csb.demongrafix.es\/de\/wp-json\/wp\/v2\/media\/4941"}],"wp:attachment":[{"href":"https:\/\/csb.demongrafix.es\/de\/wp-json\/wp\/v2\/media?parent=5664"}],"wp:term":[{"taxonomy":"origen","embeddable":true,"href":"https:\/\/csb.demongrafix.es\/de\/wp-json\/wp\/v2\/origen?post=5664"},{"taxonomy":"variedad","embeddable":true,"href":"https:\/\/csb.demongrafix.es\/de\/wp-json\/wp\/v2\/variedad?post=5664"},{"taxonomy":"product_brand","embeddable":true,"href":"https:\/\/csb.demongrafix.es\/de\/wp-json\/wp\/v2\/product_brand?post=5664"},{"taxonomy":"product_cat","embeddable":true,"href":"https:\/\/csb.demongrafix.es\/de\/wp-json\/wp\/v2\/product_cat?post=5664"},{"taxonomy":"product_tag","embeddable":true,"href":"https:\/\/csb.demongrafix.es\/de\/wp-json\/wp\/v2\/product_tag?post=5664"}],"curies":[{"name":"wp","href":"https:\/\/api.w.org\/{rel}","templated":true}]}}

Aloe Vera und Glycerin Seife Castillo de Peñalver 125 g

<p>Aloe Vera und Glycerinseife</p>
<h3>1. Eigenschaften der Aloe-Vera- und Glycerin-Seife</h3>
<p>Aloe Vera und Glyzerinseife in Plastikhülle</p>
<p>Größe: 125 g</p>
<p>Textur: fest</p>
<p>Marke: Castillo de Peñalver</p>
<p>Genre: Unisex</p>
<p>Hauttyp: Alle Hauttypen</p>
<h4>a) Empfehlungen</h4>
<p>Verwenden Sie, um Hände und Gesicht zu waschen. Es hinterlässt Ihre Haut sauber, weich und mit einem sehr entspannenden Aroma.</p>
<h4>b) Zutaten:</h4>
<p>Cocos Nucifera, Aqua, Dipropylenglykol, Natriumhydroxid, Saccharose, Stearinsäure, Natriumchlorid, Glycerin, Laurinsäure, Parfum, Pentanatriumpentetat, Aloe Barbadensis, C. I. 19140</p>
<p>Zutaten aktualisiert Juni 2018. Diese Inhaltsstoffe können sich seit der letzten Aktualisierung geändert haben.</p>
<h4 data-start="0" data-end="33">c) Handgefertigte Herstellung</h4>
<p data-start="35" data-end="300">Jeder Seifenblock wird handwerklich von einem Familienunternehmen hergestellt, das jeden Schritt des Prozesses sorgfältig betreut. Von der Auswahl der Zutaten bis zur Endverpackung wird alles von Hand gefertigt – mit Hingabe und Respekt für traditionelle Techniken.</p>
<h4 data-start="302" data-end="319">d) Anwendung:</h4>
<p data-start="321" data-end="339"><strong data-start="321" data-end="339">Für die Hände:</strong></p>
<p data-start="341" data-end="550">Hände unter fließendes Wasser halten. Die Seife mit festen Bewegungen zwischen den Händen reiben, dabei besonders auf die Falten und Zwischenräume der Finger achten. Anschließend gründlich mit Wasser abspülen.</p>
<h4 data-start="552" data-end="572">Für das Gesicht:</h4>
<p data-start="574" data-end="767">Das Gesicht gut mit Wasser anfeuchten. Die Seife sanft auf die Haut auftragen und in kreisenden Bewegungen einmassieren. Mit reichlich Wasser abspülen, bis das Produkt vollständig entfernt ist.</p>
<div class="flex flex-col text-sm pb-25">
<article class="text-token-text-primary w-full focus:outline-none [--shadow-height:45px] has-data-writing-block:pointer-events-none has-data-writing-block:-mt-(--shadow-height) has-data-writing-block:pt-(--shadow-height) [&amp;:has([data-writing-block])&gt;*]:pointer-events-auto scroll-mt-[calc(var(--header-height)+min(200px,max(70px,20svh)))]" dir="auto" tabindex="-1" data-turn-id="request-WEB:ab38f917-a181-41c6-b29a-7c1453a6a6c5-11" data-testid="conversation-turn-24" data-scroll-anchor="true" data-turn="assistant">
<div class="text-base my-auto mx-auto pb-10 [--thread-content-margin:--spacing(4)] @w-sm/main:[--thread-content-margin:--spacing(6)] @w-lg/main:[--thread-content-margin:--spacing(16)] px-(--thread-content-margin)">
<div class="[--thread-content-max-width:40rem] @w-lg/main:[--thread-content-max-width:48rem] mx-auto max-w-(--thread-content-max-width) flex-1 group/turn-messages focus-visible:outline-hidden relative flex w-full min-w-0 flex-col agent-turn" tabindex="-1">
<div class="flex max-w-full flex-col grow">
<div class="min-h-8 text-message relative flex w-full flex-col items-end gap-2 text-start break-words whitespace-normal [.text-message+&amp;]:mt-1" dir="auto" data-message-author-role="assistant" data-message-id="ce00d1bf-4233-4a83-8c73-6ca98f1e8a2f" data-message-model-slug="gpt-5-mini">
<div class="flex w-full flex-col gap-1 empty:hidden first:pt-[1px]">
<div class="markdown prose dark:prose-invert w-full wrap-break-word light markdown-new-styling">
<h3 data-start="774" data-end="802">2. Weitere Informationen</h3>
<p data-start="804" data-end="851">Weitere interessante Informationen zum Produkt:</p>
<h4 data-start="853" data-end="879">a) Kostenloser Versand</h4>
<p data-start="881" data-end="966">Auf dem spanischen Festland bieten wir kostenlosen Versand mit folgenden Bedingungen:</p>
<ul data-start="968" data-end="1135">
<li data-start="968" data-end="1040">
<p data-start="970" data-end="1040">Ab 70 Euro wird die Bestellung direkt zu Ihnen nach Hause geliefert.</p>
</li>
<li data-start="1041" data-end="1135">
<p data-start="1043" data-end="1135">Ab 30 Euro erfolgt die Lieferung an einen <strong data-start="1085" data-end="1099">Punto Pack</strong>-Abholpunkt (auch auf den Balearen).</p>
</li>
</ul>
<p data-start="1137" data-end="1188">Für andere Standorte fallen immer Versandkosten an.</p>
<h4 data-start="1190" data-end="1212">b) Produktmerkmale</h4>
<p data-start="1214" data-end="1285">Der Seifenblock ist in Plastik verpackt und hat folgende Eigenschaften:</p>
<ul data-start="1287" data-end="1404" data-is-last-node="" data-is-only-node="">
<li data-start="1287" data-end="1313">
<p data-start="1289" data-end="1313"><strong data-start="1289" data-end="1301">Gewicht:</strong> 113 Gramm</p>
</li>
<li data-start="1314" data-end="1343">
<p data-start="1316" data-end="1343"><strong data-start="1316" data-end="1325">Höhe:</strong> 8,80 Zentimeter</p>
</li>
<li data-start="1344" data-end="1375">
<p data-start="1346" data-end="1375"><strong data-start="1346" data-end="1357">Breite:</strong> 5,50 Zentimeter</p>
</li>
<li data-start="1376" data-end="1404" data-is-last-node="">
<p data-start="1378" data-end="1404" data-is-last-node=""><strong data-start="1378" data-end="1388">Tiefe:</strong> 2,70 Zentimeter</p>
</li>
</ul>
</div>
</div>
</div>
</div>
</div>
</div>
</article>
</div>

<p>Feste Glyzerinseife mit Aloe Vera von Castillo de Peñalver für Hände und Gesicht. Handwerklich von einem Familienunternehmen mit ausgewählten Zutaten hergestellt, reinigt sie sanft und hinterlässt die Haut sauber, geschmeidig und angenehm duftend. Eine natürliche Pflege für alle Hauttypen.<br />
Nettogewicht: 125 g.</p>
