{"id":17145,"date":"2018-08-04T08:29:12","date_gmt":"2018-08-04T08:29:12","guid":{"rendered":"https:\/\/aceitecsb.com\/comprar\/oleo-pepillo-500-ml\/"},"modified":"2026-08-03T22:39:20","modified_gmt":"2026-08-03T22:39:20","slug":"oleo-pepillo-500-ml","status":"publish","type":"product","link":"https:\/\/csb.demongrafix.es\/de\/einkaufen\/oleo-pepillo-500-ml\/","title":{"rendered":"Oliven\u00f6l Oleo Pepillo 500 ml"},"content":{"rendered":"<p>Bio-<a href=\"https:\/\/aceitecsb.com\/de\/natives-olivenoel-extra\/\"><strong>Oliven\u00f6l<\/strong> <\/a>extra vergine<\/p>\n<h3><strong>1<\/strong>. Eigenschaften von Bio-Oliven\u00f6l von Oleo Pepeillo:<\/h3>\n<p>Natives Oliven\u00f6l extra in einer dunklen Designerflasche abgef\u00fcllt<\/p>\n<h4>a) Aroma<\/h4>\n<p>Das extra native Oliven\u00f6l von Oleo Pepillo ist eine Mischung aus den Sorten Arbequina, Cornicabra und Picual, ein weiches, ausgewogenes und harmonisches \u00d6l. Im Mund ist die Intensit\u00e4t seiner Fruchtigkeit durch Noten von Apfel, Rosmarin und gr\u00fcnem Gras gekennzeichnet. In der Nase fallen die Noten von gr\u00fcnen Oliven und frisch geschnittenem Gras auf.<\/p>\n<h4>b) Empfehlungen:<\/h4>\n<p>Oleo Pepillo&#8217;s natives Oliven\u00f6l extra ist ideal zu Brot, Salaten und ged\u00fcnsteten Gem\u00fcsegerichten.<\/p>\n<h4>c) Auszeichnungen:<\/h4>\n<p>Eines der \u00d6le, das in den letzten Jahren immer mehr nationale und internationale Anerkennung findet, darunter auch der 2.<\/p>\n<h3>2. Allgemeine Informationen<\/h3>\n<p>Zone: Spanien<\/p>\n<p>Menge: 500 ml<\/p>\n<p>Produktionsfirma: Almazara Oleo Pepillo S.L.<\/p>\n<p>Herkunft der Genossenschaft: Valdepe\u00f1as, Ciudad Real<\/p>\n<h4>a) N\u00e4hrwertangaben:<\/h4>\n<p>Wert pro 100 g<\/p>\n<p>Energiewert: 3700 KJ\/900 Kcal<\/p>\n<p>Fett: 100 g<\/p>\n<ul>\n<li>davon ges\u00e4ttigt: 13 g<\/li>\n<li>Einfach unges\u00e4ttigt: 79 g<\/li>\n<li>Mehrfach unges\u00e4ttigt: 8 g<\/li>\n<\/ul>\n<p>Kohlenhydrate: 0,0 g<\/p>\n<ul>\n<li>davon Zucker: 0,0 g<\/li>\n<\/ul>\n<p>Eiwei\u00df: 0,0 g<\/p>\n<p>Salz: 0,0 g<\/p>\n<p>Nicht signifikante Mengen an Ballaststoffen, Zucker, Vitamin A, Vitamin C, Kalzium und Eisen.<\/p>\n<h3>3. Zus\u00e4tzliche Informationen<\/h3>\n<p>Das natives Oliven\u00f6l extra verliert mit Licht, Temperatur und Sauerstoff an Qualit\u00e4t, deshalb m\u00fcssen wir die Flasche nach dem Kauf konsumieren und nach dem \u00d6ffnen konsumieren. Es sollte an einem k\u00fchlen Ort und au\u00dferhalb einer Lichtquelle aufbewahrt werden.<\/p>\n","protected":false},"excerpt":{"rendered":"<p>Natives Bio-Oliven\u00f6l extra von Oleo Pepillo, eine weiche und harmonische Mischung aus den Sorten Arbequina, Cornicabra und Picual. Fruchtig im Mund mit Noten von Apfel, Rosmarin und gr\u00fcnem Gras sowie Ankl\u00e4ngen von gr\u00fcnen Oliven in der Nase, ist es ideal zu Brot, Salaten und ged\u00fcnstetem Gem\u00fcse. Ein zunehmend national wie international ausgezeichnetes \u00d6l, abgef\u00fcllt in einer dunklen Design-Flasche.<br \/>\nNettogewicht: 500 ml. Herkunft: Valdepe\u00f1as, Ciudad Real (Spanien).<\/p>\n","protected":false},"featured_media":17141,"comment_status":"open","ping_status":"closed","template":"","meta":{"_acf_changed":false},"origen":[492],"variedad":[469],"product_brand":[],"product_cat":[291,249],"product_tag":[],"class_list":["post-17145","product","type-product","status-publish","has-post-thumbnail","origen-ciudad-real","variedad-ecologico","product_cat-bio-produkte","product_cat-natives-olivenol-extra","first","instock","taxable","shipping-taxable","purchasable","product-type-simple"],"acf":[],"_links":{"self":[{"href":"https:\/\/csb.demongrafix.es\/de\/wp-json\/wp\/v2\/product\/17145","targetHints":{"allow":["GET"]}}],"collection":[{"href":"https:\/\/csb.demongrafix.es\/de\/wp-json\/wp\/v2\/product"}],"about":[{"href":"https:\/\/csb.demongrafix.es\/de\/wp-json\/wp\/v2\/types\/product"}],"replies":[{"embeddable":true,"href":"https:\/\/csb.demongrafix.es\/de\/wp-json\/wp\/v2\/comments?post=17145"}],"wp:featuredmedia":[{"embeddable":true,"href":"https:\/\/csb.demongrafix.es\/de\/wp-json\/wp\/v2\/media\/17141"}],"wp:attachment":[{"href":"https:\/\/csb.demongrafix.es\/de\/wp-json\/wp\/v2\/media?parent=17145"}],"wp:term":[{"taxonomy":"origen","embeddable":true,"href":"https:\/\/csb.demongrafix.es\/de\/wp-json\/wp\/v2\/origen?post=17145"},{"taxonomy":"variedad","embeddable":true,"href":"https:\/\/csb.demongrafix.es\/de\/wp-json\/wp\/v2\/variedad?post=17145"},{"taxonomy":"product_brand","embeddable":true,"href":"https:\/\/csb.demongrafix.es\/de\/wp-json\/wp\/v2\/product_brand?post=17145"},{"taxonomy":"product_cat","embeddable":true,"href":"https:\/\/csb.demongrafix.es\/de\/wp-json\/wp\/v2\/product_cat?post=17145"},{"taxonomy":"product_tag","embeddable":true,"href":"https:\/\/csb.demongrafix.es\/de\/wp-json\/wp\/v2\/product_tag?post=17145"}],"curies":[{"name":"wp","href":"https:\/\/api.w.org\/{rel}","templated":true}]}}

Olivenöl Oleo Pepillo 500 ml

<p>Bio-<a href="https://aceitecsb.com/de/natives-olivenoel-extra/"><strong>Olivenöl</strong> </a>extra vergine</p>
<h3><strong>1</strong>. Eigenschaften von Bio-Olivenöl von Oleo Pepeillo:</h3>
<p>Natives Olivenöl extra in einer dunklen Designerflasche abgefüllt</p>
<h4>a) Aroma</h4>
<p>Das extra native Olivenöl von Oleo Pepillo ist eine Mischung aus den Sorten Arbequina, Cornicabra und Picual, ein weiches, ausgewogenes und harmonisches Öl. Im Mund ist die Intensität seiner Fruchtigkeit durch Noten von Apfel, Rosmarin und grünem Gras gekennzeichnet. In der Nase fallen die Noten von grünen Oliven und frisch geschnittenem Gras auf.</p>
<h4>b) Empfehlungen:</h4>
<p>Oleo Pepillo&#8217;s natives Olivenöl extra ist ideal zu Brot, Salaten und gedünsteten Gemüsegerichten.</p>
<h4>c) Auszeichnungen:</h4>
<p>Eines der Öle, das in den letzten Jahren immer mehr nationale und internationale Anerkennung findet, darunter auch der 2.</p>
<h3>2. Allgemeine Informationen</h3>
<p>Zone: Spanien</p>
<p>Menge: 500 ml</p>
<p>Produktionsfirma: Almazara Oleo Pepillo S.L.</p>
<p>Herkunft der Genossenschaft: Valdepeñas, Ciudad Real</p>
<h4>a) Nährwertangaben:</h4>
<p>Wert pro 100 g</p>
<p>Energiewert: 3700 KJ/900 Kcal</p>
<p>Fett: 100 g</p>
<ul>
<li>davon gesättigt: 13 g</li>
<li>Einfach ungesättigt: 79 g</li>
<li>Mehrfach ungesättigt: 8 g</li>
</ul>
<p>Kohlenhydrate: 0,0 g</p>
<ul>
<li>davon Zucker: 0,0 g</li>
</ul>
<p>Eiweiß: 0,0 g</p>
<p>Salz: 0,0 g</p>
<p>Nicht signifikante Mengen an Ballaststoffen, Zucker, Vitamin A, Vitamin C, Kalzium und Eisen.</p>
<h3>3. Zusätzliche Informationen</h3>
<p>Das natives Olivenöl extra verliert mit Licht, Temperatur und Sauerstoff an Qualität, deshalb müssen wir die Flasche nach dem Kauf konsumieren und nach dem Öffnen konsumieren. Es sollte an einem kühlen Ort und außerhalb einer Lichtquelle aufbewahrt werden.</p>

<p>Natives Bio-Olivenöl extra von Oleo Pepillo, eine weiche und harmonische Mischung aus den Sorten Arbequina, Cornicabra und Picual. Fruchtig im Mund mit Noten von Apfel, Rosmarin und grünem Gras sowie Anklängen von grünen Oliven in der Nase, ist es ideal zu Brot, Salaten und gedünstetem Gemüse. Ein zunehmend national wie international ausgezeichnetes Öl, abgefüllt in einer dunklen Design-Flasche.<br />
Nettogewicht: 500 ml. Herkunft: Valdepeñas, Ciudad Real (Spanien).</p>
